 (2 + -1)*5/(25/1345) is divided by i.
13
Suppose 0 = -8*o + 93 - 29. Suppose -3*t = -5*c + 63 + 62, -2*c + 39 = t. What is the remainder when c is divided by o?
6
Suppose 0 = -z - 2 - 31. Let o = z + 43. What is the remainder when o is divided by 4?
2
Suppose 4*j = -0*j + 44. Let a(o) = o**3 - 9*o**2 - 16*o + 12. Calculate the remainder when a(j) is divided by 20.
18
Calculate the remainder when 29 is divided by 28 + (-1)/2*10.
6
Suppose 2*t + d - 64 = 279, 0 = 2*t + 3*d - 349. What is the remainder when t is divided by 8?
2
Suppose 20*k - 21*k - 2 = 0. Let p(g) = -7*g - 8. Calculate the remainder when 16 is divided by p(k).
4
Let b(x) = x + 78. What is the remainder when 284 is divided by b(-21)?
56
Let g = 34 - 18. Suppose 38*s - 43*s = -35. Suppose -3*d + s = m - 14, 4*m - d - 110 = 0. Calculate the remainder when m is divided by g.
11
Suppose x = 3*q - 2*x + 3, 3*x = 5*q - 1. Suppose 4 + 80 = q*t. What is the remainder when t is divided by 23?
19
Suppose -3*o + a = -81, 0*a - 5*a - 15 = 0. Suppose x + 29 - 77 = -5*t, 5*t + 3*x - 54 = 0. Calculate the remainder when o is divided by t.
8
Let s(o) = o**2 + 57*o - 201. Calculate the remainder when 254 is divided by s(-61).
39
Let z(n) = -n**2 - 16*n + 38. Let u(t) = t**2 - 3*t - 16. Let l be u(0). Calculate the remainder when 186 is divided by z(l).
34
Let x(s) be the first derivative of -s**4/2 + 13*s**3/3 + 8*s**2 - 9*s + 4. Calculate the remainder when 104 is divided by x(7).
50
Suppose -3*f + 37 = t - 0*f, -176 = -3*t + 4*f. Calculate the remainder when 152 is divided by t.
48
Let x = 7 - -31. Let v = 2 + x. Calculate the remainder when v is divided by 22.
18
Suppose 2*y - 3*h - 9 = -0, 3 = -3*h. Let w = 14 + -21. Let x = y - w. What is the remainder when 29 is divided by x?
9
Suppose 305 = -0*j + 3*j - 5*d, 3*j + 2*d = 298. Let q = -26 + j. Suppose -q = -4*z + 58. What is the remainder when z is divided by 9?
6
Calculate the remainder when 88 is divided by (-3)/9 - 820/(-30).
7
Suppose -3*y + 12 = -f - 3*f, -3*y + 39 = 5*f. Let k(w) = w**2 - 7*w - 6. Let t be k(y). Suppose t*o = o + 19. Calculate the remainder when 54 is divided by o.
16
Suppose -4*b - 855 = -3*a, -b - 2*b + 1425 = 5*a. Let i = a + -178. Let v = -60 + i. Calculate the remainder when v is divided by 12.
11
Suppose 95 = 5*v - 21*n + 23*n, 5*v = 4*n + 65. Calculate the remainder when 58 is divided by v.
7
Let c = 10 - 10. Suppose 5*i = -m + 140, c = -2*i + 3*i + m - 24. Let b = 5 - -10. Calculate the remainder when i is divided by b.
14
Let a(n) = -n**3 - 5*n**2 + 9*n - 9. Calculate the remainder when a(-7) is divided by (-2 - -7) + (2 + 4 - 1).
6
Let h(a) = -a**3 - 14*a**2 - 32*a + 5. Calculate the remainder when h(-12) is divided by 56.
45
Let k = 7 - -8. Let u = 52 + -8. Calculate the remainder when 2 + (-2 - 0) + u is divided by k.
14
Let a(n) = -n**3 - 38*n**2 + 5*n + 219. Calculate the remainder when 136 is divided by a(-38).
20
Suppose 3*n = 14*a - 16*a + 324, -3*n + 327 = 3*a. Calculate the remainder when n is divided by 26.
2
Suppose -3*w + 3*g + 6 = -0, 16 = 4*w - 2*g. Calculate the remainder when (((-273)/12)/(-7))/(1/16) is divided by w/((-24)/(-9) - 2).
7
Suppose 0 = 3*c + 4*d - 10, 3*c - 5*d + 0*d = 1. Suppose 2 = 4*y - 14, -5*y = -c*r + 106. Calculate the remainder when r is divided by 22.
19
Let j = -462 - -473. What is the remainder when 64 is divided by j?
9
Let b(t) = t**3 - 12*t**2 + 2*t - 11. Let j be b(12). Suppose 5*o + 2 = -j. What is the remainder when 14*(0 - o/3) is divided by 4?
2
Let h(r) = -r**3 - 5*r**2 + 6*r - 18. Calculate the remainder when h(-7) is divided by 9.
2
Let m be (-2)/(-9) + (-70)/(-9). Let w(h) = h - 4. Calculate the remainder when 5 is divided by w(m).
1
Let x = -5 - 67. Suppose -9 = 3*p - 5*h + 5, -2*p - 3*h = 3. Calculate the remainder when (p/6)/(2/x) is divided by 7.
4
Let n(l) = 6*l + 608. Let f be n(0). Calculate the remainder when (0 + (0 - -1))/(19/f) is divided by 17.
15
Let n(z) be the second derivative of -z**5/20 - z**4/6 + z**3/2 - 5*z**2/2 - 2*z. What is the remainder when -1*(0 + 57/(-1)) is divided by n(-4)?
12
Let p = 1562 - 318. What is the remainder when p is divided by 29?
26
Let i(p) = -2*p + 6. Suppose -4*n - f + 18 = 0, -n + 4*n - 20 = -4*f. Let g be i(n). Calculate the remainder when 9 - -5 - (g + 5) is divided by 6.
5
Suppose 0 = 5*i - 25, 2*j + 54 = 6*j - 2*i. Calculate the remainder when 22/187 + 1828/68 is divided by j.
11
Let n(l) = 6*l - 6. Suppose -44*t - 171*t + 4464 = -18541. Calculate the remainder when t is divided by n(4).
17
Suppose -4*t = f + f - 130, -f - 3*t = -68. Let u(g) = -3*g**3 - 12*g**2 - 22*g - 5. Calculate the remainder when f is divided by u(-2).
14
Suppose m - 128 - 31 = -3*g, 2*m = 5*g - 254. Calculate the remainder when 103 is divided by g.
51
Let v(a) = -2*a**2 - 38*a + 19. Calculate the remainder when 284 is divided by v(-19).
18
Let c(g) = 19*g**2 - 130*g - 8. Calculate the remainder when 267 is divided by c(7).
7
Suppose 0 = 8*h + 48 + 16. Let x(p) = -p**2 - 12*p - 20. What is the remainder when 33 is divided by x(h)?
9
Let k = -75 - -72. Let p = 0 - -22. Calculate the remainder when p is divided by -6*3/(k/2).
10
Let l(o) = -o**3 - 5*o**2 + 10*o + 11. Calculate the remainder when 307 is divided by l(-7).
34
Suppose 275 = 56*x - 51*x. What is the remainder when 76 is divided by x?
21
What is the remainder when 43 is divided by (-1)/5*1265/(-23)?
10
Let u(m) = -5*m**2 - 19*m - 6. Let r(x) = -11*x**2 - 39*x - 12. Let v(w) = -6*r(w) + 13*u(w). What is the remainder when 13 is divided by v(14)?
5
Let y be ((-6)/7)/((-2)/28). Calculate the remainder when 62 is divided by y/(-8) + (-94)/(-4)*1.
18
Let s(l) = 4*l - 44. What is the remainder when 174 is divided by s(16)?
14
Let t be (-4)/(-14) + 2493/21. Suppose -q = 5*j - t, -93 = -4*j + q - 4*q. Let y(z) = 2*z**2 - 4*z + 5. What is the remainder when j is divided by y(2)?
4
Let r(s) = s**3 - 4*s**2 - s + 7. Suppose 3*j - 10 = 2. Calculate the remainder when (-6)/(-2) + 5 + -2 is divided by r(j).
0
Let l = 3 + 5. Suppose -2 = -u + l. Calculate the remainder when u is divided by 5.
0
Let n = 1402 + -780. What is the remainder when n is divided by 156?
154
Let a(u) = -3*u**3 + 2*u - 6. Let o be a(3). What is the remainder when 86 is divided by -2 + o/(-3) + -3?
20
Suppose 0 = -n + 6*n + 2*o - 57, 3*o - 53 = -5*n. Let a(v) = -2*v + 4. Calculate the remainder when a(-10) is divided by n.
11
Let d = -634 - -959. Calculate the remainder when d is divided by 55.
50
Let d be (-19)/76 + (-38)/8. What is the remainder when (-1067)/d + 4/(-10) is divided by 36?
33
Suppose -37 = q - 401. Suppose -2*a + 4*n + 189 - 33 = 0, -3*n = 5*a - q. What is the remainder when a is divided by 38?
36
Suppose 2*z + 83 = -v, -3*z = -4*z - 3*v - 34. Let n = 55 + z. Calculate the remainder when n is divided by 5.
2
Let k(g) = -g**3 - 18*g**2 - 24*g + 21. Let q be k(-17). Let u = q + -52. Calculate the remainder when u is divided by 45.
43
Suppose -24 = -3*a + 3*o, 4*o = -a + o - 8. Suppose -g + 0*g + 33 = -3*x, a*g + x - 93 = 0. What is the remainder when 92 is divided by g?
20
Let x = -146 - -166. What is the remainder when 157 is divided by x?
17
Suppose i - 2*u - 221 = 0, -3*u + 532 = 5*i - 547. Suppose 0 = -6*s + i + 113. What is the remainder when s is divided by 7?
6
Let i = -4 - -11. Calculate the remainder when (95/(-10))/(4/(-8)) is divided by i.
5
Suppose -112 = -5*l + 3*l + 2*m, 184 = 4*l + 4*m. Let q = 52 - l. Calculate the remainder when 2 is divided by q.
0
Suppose -2*i - 4*f = 0, -3*f - 33 = 5*i - 4*f. Let g be i/30 + (-1)/(-5). Suppose g = -3*k - k + 68. Calculate the remainder when k is divided by 5.
2
Calculate the remainder when ((-8)/(-16)*437)/((-3)/(-6)) is divided by 13.
8
Let t = 163 + -152. What is the remainder when 11 is divided by t?
0
Suppose 0 = 3*k, -5*k - 736 = 13*h - 14*h. Calculate the remainder when h is divided by 82.
80
Suppose 4*y = -37*y + 410. Calculate the remainder when 46 is divided by y.
6
Suppose -3*d + 25 = k + d, 5*d - 35 = -2*k. Let o = -19 - -10. Let f = 16 + o. What is the remainder when f is divided by k?
2
Suppose -27*q + 23*q = 4, 139 = 3*k - 4*q. What is the remainder when 446 is divided by k?
41
Suppose 0 = -i + 3*o + 23 + 43, i + 4*o = 52. Let r = 